be 17/(102/180)*(-2)/(-1). Calculate the highest common divisor of s and 24.
12
Let n be (3*1/3)/(1/23). What is the highest common divisor of n and 1?
1
Suppose 41 = 4*h - 27. What is the greatest common factor of 17 and h?
17
Let g = 116 + -76. Let q(y) = -1 - 8*y + 1. Let j be q(-2). What is the greatest common divisor of j and g?
8
Let j be (-9)/(-2) + 6/(-12). Calculate the greatest common divisor of j and 4.
4
Let d(s) = -18*s - 6. Let w be d(-2). Calculate the highest common factor of 45 and w.
15
Suppose -x + 5*x - 8 = 0. Suppose x*y - 2*o = 0, -5*o - 5 = y - 17. What is the greatest common factor of y and 5?
1
Let q = -39 + 54. Calculate the highest common factor of q and 6.
3
Let g be (-3)/(-9) + (-1673)/(-21). Suppose 7*y - 50 = 2*y. Calculate the highest common divisor of y and g.
10
Let o = 10 + 205. Calculate the greatest common factor of o and 43.
43
Let a be 2 - (5 + -4 - 69). Calculate the greatest common divisor of a and 14.
14
Suppose 4*a + 4 - 16 = 0. Calculate the greatest common factor of 27 and a.
3
Suppose 7*y - 9 = 3*y + 3*j, -4*y + j = -3. Let m be (y - 2 - -2) + 10. Calculate the greatest common factor of 10 and m.
10
Let y = 223 + -83. Calculate the highest common divisor of 28 and y.
28
Let i be (1*-2*3)/(-2). Suppose -12 = -i*t - t. What is the greatest common divisor of t and 27?
3
Let n = 89 + -19. What is the highest common factor of n and 14?
14
Let z = -202 - -524. Calculate the highest common divisor of z and 46.
46
Let k(q) = -2*q**2 - 81*q - 20. Let p be k(-40). Let x(d) = -30*d**3 + d**2 + d. Let l be x(-1). What is the greatest common factor of l and p?
10
Suppose 595 = 9*w + 91. Let t(q) = 3*q - 7. Let m be t(5). What is the highest common divisor of w and m?
8
Let v(a) = 3*a**2 - a - 2. Let f be v(3). Suppose 4*n - 30 = 2*n + 2*x, 2*n = 4*x + f. Calculate the highest common factor of 38 and n.
19
Let f(r) = r**2 + 3*r + 2. Let w = 66 + -33. Suppose 2*v = h - 3, -3*h - w = 2*v + 2*h. Let s be f(v). What is the greatest common divisor of 66 and s?
6
Let x(t) = 2*t - 15. Let v be x(11). Let u = v - 6. What is the greatest common divisor of 8 and u?
1
Suppose -14 - 10 = -2*d. Calculate the greatest common factor of d and 60.
12
Suppose -20 = -2*i + i. Suppose -i - 18 = -2*v. What is the highest common divisor of v and 19?
19
Let y = -6 - -7. Let u = 1 - y. Let s(p) = p**2 + p + 5. Let x be s(u). What is the greatest common factor of 35 and x?
5
Let t = 53 + -27. Let p be -2*(40 - 1)/(-1). Suppose -3*o + p = -o. What is the highest common divisor of o and t?
13
Suppose -3*t - l = -0*t + 431, -278 = 2*t - 4*l. Let v be (-12)/(-6) - (1 + t). What is the highest common divisor of v and 18?
18
Let k = -175 + 350. Suppose -2*s + 7*s = k. Let r be 1*1/((-1)/(-7)). What is the greatest common factor of s and r?
7
Let x be -1 + 2 + (-1 - -2). Suppose 0 = k - x*k + 10. Suppose 0*p = -3*p + 6. What is the highest common divisor of k and p?
2
Suppose -3*b = -199 - 98. Suppose -7*w + i + 396 = -3*w, 4*i = w - b. Let x be (0 - -1)/(6/66). What is the greatest common factor of w and x?
11
Suppose -5*l = -4*h + 28, -5*h + h = -3*l - 20. Let n be (-19)/l*(21 - 17). Calculate the greatest common divisor of n and 171.
19
Suppose -3*x + 37 + 10 = -j, 5*j + 10 = 0. Suppose 8*h = 4*h + 5*d + 415, 0 = -4*h + 4*d + 416. What is the greatest common divisor of x and h?
15
Let h = -43 + 61. Let w be (-2)/((-4 + 2)*1). Let z(d) = 13*d - 1. Let i be z(w). Calculate the greatest common divisor of i and h.
6
Suppose m - 4*m + 27 = 0. Suppose -11*o + m*o = -126. What is the highest common factor of o and 21?
21
Suppose 2*r + 2*g - 4*g - 26 = 0, 0 = -5*r + 2*g + 71. What is the highest common divisor of 75 and r?
15
Let k(x) = 30*x**2. Suppose -4*u = 3*n - 4, 2*n = -5*u + u. Let t be k(u). Calculate the greatest common divisor of t and 15.
15
Let t = -1 + -6. Let w(z) = z + 17. Let v be w(t). Let a be (2 + -3)/((-2)/8). What is the highest common divisor of a and v?
2
Let i be (-7)/28 - (-2 - (-1210)/(-8)). What is the highest common factor of 17 and i?
17
Suppose -4*o = 2*h - 510, -o + h - 6*h = -150. Suppose 0 = -4*b - b + o. What is the greatest common factor of b and 10?
5
Let u be 50/2 + 6/(-3). Suppose -6*d = -13 - u. What is the highest common divisor of 54 and d?
6
Suppose i - 360 + 108 = 0. Calculate the highest common divisor of 28 and i.
28
Let s be (11 + -5)/((-2)/(-3)). Calculate the greatest common divisor of 18 and s.
9
Let h be (-8)/16 + (-110)/(-4). Suppose -2*u + 58 = x, -3*u - 3*x + 63 = -h. What is the highest common factor of 14 and u?
14
Let y(a) = 17*a + 2. Let h be y(2). Let q be (-2 + 20)*(-4)/(-6). Let k be (-3 - 2)*q/(-5). Calculate the greatest common factor of h and k.
12
Let m = -94 - -146. Suppose -2*c = -34 - 28. Let n = -18 + c. Calculate the highest common factor of m and n.
13
Suppose -33 = -4*z + 3*y, z + z = 3*y + 21. Suppose 7*t - 8*t + 66 = 0. Calculate the greatest common divisor of t and z.
6
Let k be 13 + (4 - 3)*-3. What is the highest common divisor of 5 and k?
5
Suppose 4*a = 7 + 1. Suppose 71 = 3*y - a*r, 2*y - 5*r - 28 = 23. What is the highest common divisor of y and 46?
23
Let t(m) = -11*m - 3. Let y be t(-6). Calculate the greatest common divisor of 9 and y.
9
Let i(y) = -y**2 - 3*y + 7. Let f be i(-3). Calculate the greatest common factor of 42 and f.
7
Let m = -3 + 6. Let f = 78 - -99. Suppose -3*n + m*d + f = 0, 3*n - 159 = -d - 2*d. Calculate the highest common divisor of 8 and n.
8
Let r be (-98)/4*-1 - 11/(-22). What is the highest common divisor of 125 and r?
25
Let w(a) = 12*a**2 + 77*a + 8. Let c be w(-7). What is the highest common factor of 95 and c?
19
Let k be 206/8 - 2/(-8). Let i = -46 - -50. Suppose -i*v + k = -34. What is the greatest common factor of v and 120?
15
Let a = 20 - 9. Suppose -r + 5 + 0 = 0. Suppose r*k - a = -1. What is the highest common factor of 1 and k?
1
Let h(a) = a**3 + 5*a**2 - 1. Let g be h(-4). Suppose 0 = -2*b - 3*b + g. What is the highest common factor of 21 and b?
3
Let u(i) = -i**2 - 21*i - 12. Let k be u(-20). Suppose -5 = -j + 7. Calculate the greatest common factor of k and j.
4
Let p be (-4)/7 + 760/7. What is the highest common divisor of p and 12?
12
Let t = 24 - 24. Suppose 4*z + 12 = t, -50 = 2*d - 7*d - 5*z. Calculate the greatest common factor of d and 143.
13
Let n be 1/(3/(-6)) + 12. Let b = 25 - n. Calculate the greatest common factor of 3 and b.
3
Suppose 4*f = w + 1 - 8, -2*w + f = -7. Suppose -7*y = 5*h - w*y - 358, -4*h - 2*y = -284. Calculate the highest common divisor of 10 and h.
10
Suppose -2*j - 5 = 3, -5*j - 24 = -t. What is the highest common factor of 8 and t?
4
Let s = 5 - 8. Let d(t) = 32*t + 2. Let y be d(s). Let g = y + 159. Calculate the highest common divisor of g and 26.
13
Suppose 7*l - 3*x = 2*l + 105, 4*l - 57 = -3*x. Let p = -4 - -4. Let n be 3*(6 + 0) - p. Calculate the highest common divisor of l and n.
18
Let f be -39 + (-2 + -3 - -2). Let g be (-828)/f + 2/7. Calculate the highest common divisor of 60 and g.
20
Suppose -4*y = -0*y + 4*u - 84, -5*y = -3*u - 105. Let k = y + -14. Suppose -k*f + 3*f = -16. What is the greatest common factor of f and 36?
4
Let i(t) = -16*t - 7. Let s be i(-10). Let q be ((-34)/4)/((-3)/6). Calculate the greatest common factor of s and q.
17
Let g(k) = 4*k**2 - k - 2. Let l be g(2). What is the highest common divisor of l and 108?
12
Let a = 752 + -163. Let z = -918 + a. Let p = 472 + z. Calculate the greatest common factor of p and 13.
13
Suppose -3*x = -8*x - a + 39, 13 = -x + 5*a. Calculate the highest common factor of x and 42.
7
Let f = 44 - 25. Calculate the highest common divisor of 209 and f.
19
Suppose -2 = -3*t + 16. Let z = 6 + -9. Let x be z - 6/(-3) - -3. Calculate the highest common factor of t and x.
2
Let b = 2 - -5. Let c = -4 + b. Let m = 21 - c. What is the highest common factor of m and 9?
9
Let s = -45 + 54. Let i = -5 + 14. Calculate the highest common divisor of i and s.
9
Let c(q) = 9*q + 11. Let z be c(-7). Let a be 3*(12/(-3) - z). What is the highest common factor of a and 18?
18
Suppose p - 6*p = 5. Let g(h) = -14*h. Let w be g(p). Let q = -8 + 22. Calculate the greatest common divisor of w and q.
14
Suppose -15 - 27 = -2*h + r, -5*h + 105 = 5*